 -1632. Let r = l - 66. What is the hundreds digit of r?
5
Let y(h) = 4 - h + 4*h - 6*h + 12*h. What is the hundreds digit of y(12)?
1
Let z(c) be the third derivative of 9*c**5/20 - 3*c**4/2 + 7*c**3/3 + 4*c**2 - 2*c. What is the tens digit of z(7)?
8
Suppose 4*p = -w - 4*w - 31, -9 = 3*w. Let r(a) = 3*a - 15*a**2 + 12*a**2 + 0*a - 2 - 2*a**3 + a. What is the units digit of r(p)?
2
Suppose 7 = -y + 3, 4*p - 1172 = 5*y. Suppose p*b + 2223 = 297*b. What is the hundreds digit of b?
2
Suppose -2*y - 3*j = -16893, -13*y - 5*j + 25336 = -10*y. What is the hundreds digit of y?
4
Let t = 53 - 51. Let y be (-8712)/(-15) + 0 - t/(-10). Suppose -13*k = -4 - y. What is the tens digit of k?
4
Let s(x) = -18*x - 52. Let m be s(-8). Let r = -88 - -48. Let w = r + m. What is the units digit of w?
2
Let q be (-12)/(-20) + (-51)/(-15). Suppose -q*o + 5*g + 23 = 0, g = 3*o - 5 - 4. Suppose -8*u - o*u + 700 = 0. What is the tens digit of u?
7
Suppose -88*d - 78*d + 155*d + 922614 = 0. What is the hundreds digit of d?
8
Suppose -3*q + 7*q + 144 = 0. Let p = 17 - 13. What is the units digit of (2 - 230/p)/(18/q)?
1
Suppose -88128 + 3162988 = 179*q - 37950. What is the tens digit of q?
9
Suppose 4*b = -p + 22, b = p + 3*b - 14. What is the tens digit of (p + 1/2)/(2/252)?
1
Let r be 24/(-12) - -1727*1. Suppose -11*f = 12*f - r. What is the units digit of f?
5
Let h = -26 + 36. Suppose h*y = 7*y + 30. Suppose -o + 4*k + 228 = o, -y = -2*k. What is the tens digit of o?
2
Let o be ((24/32)/(1/4))/3. Let a be 3/(18/24 + o/4). What is the hundreds digit of ((-1017)/a)/((-3)/2)?
2
Let o be 42/63 - 20/(-6). Suppose n = -b - 2*n - 22, -o*b + 3*n = 28. Let k = b + 85. What is the tens digit of k?
7
Let s(j) = j**2 - 4*j - 25. Let o = -33 - -49. Let d = o + -22. What is the units digit of s(d)?
5
Let x = -61681 + 112393. What is the ten thousands digit of x?
5
Let n(f) = -899*f**2 - 38 + f**3 + 452*f**2 + 455*f**2 - 9*f. What is the hundreds digit of n(7)?
6
Let u(z) = 1392 - 3*z**3 + 50*z**2 + 0*z**3 - 105*z**2 + 56*z**2 + 4*z**3 - 12*z. What is the thousands digit of u(0)?
1
Let k(r) = 14*r**3 - 36*r**2 + 237*r - 30. What is the ten thousands digit of k(10)?
1
Let i = 72268 + -41547. What is the tens digit of i?
2
Suppose -t - 2 = -u, -2*u = -3*t - 2*t - 1. Suppose -4*d + 11*g - 10*g + 1310 = 0, -u*g = -6. What is the units digit of d?
8
Let u(f) = 34*f**3 - 6*f**2 + 29*f - 126. What is the tens digit of u(7)?
4
Suppose 4*n - 184 = -5*u, -39 = -4*u - 3*n + 109. What is the units digit of ((-17)/2)/(8/u)*-34?
5
Let l = -6393 + 12719. What is the hundreds digit of l?
3
Let l = 649 - 649. Let q(k) = 44*k - 4. Let v be q(3). Suppose -10*t + 9*t + v = l. What is the tens digit of t?
2
Let q = 16 + -13. Let u = -99 + 101. Suppose -16 = -r - 3*m, q*r + 0*m + u*m = 41. What is the units digit of r?
3
Suppose -43*g = -7*g + 173394 - 825138. What is the units digit of g?
4
Let x = -35 - -43. Let b(h) = h**2 - 9*h + 10. Let w be b(x). Suppose 5*t = k - 68 - w, -2*k - 4*t + 84 = 0. What is the units digit of k?
0
Suppose 3*f - 18 = -0*f. Let x be 2 + (-3)/f*22. What is the units digit of 78/x*(-18)/4?
9
Suppose 0 = -3*s - 2 - 1, -5481 = -2*v + s. Let d = v - 1946. What is the hundreds digit of d?
7
Let y = 2010 + -431. Suppose 7*o - 1291 = y. What is the hundreds digit of o?
4
Let y be (-135)/54*(-1158)/(-5). Let a = 1105 + y. What is the hundreds digit of a?
5
Let i(b) = -b**3 - 20*b**2 - 46*b - 42. Suppose 15*h - 2*h = -234. What is the tens digit of i(h)?
3
Let h(n) = -n**2 - 76*n - 198. What is the units digit of h(-63)?
1
Let z = 264 - 198. What is the units digit of z + ((-2)/(-4))/((-7)/14)?
5
Let m = -563 + 1178. Suppose 857 + m = 23*l. What is the tens digit of l?
6
What is the thousands digit of (4351/2)/((-2)/(4/(-1)))?
4
Let k be 2 - -5 - 0*6/(-12). Suppose 0 = 4*u + u - 495. Let z = u + k. What is the units digit of z?
6
Let y = -15 + 15. Suppose 0 = -2*f - y*f. Suppose f*l + 20 = 5*l. What is the units digit of l?
4
Suppose -13*t = 21 + 31. What is the tens digit of 3/((-5109)/(-1275) + t)?
2
Let c(a) = 4*a**3 - 33*a**2 - 86*a + 2335. What is the hundreds digit of c(24)?
5
Suppose -2*g + 3*g + 2*g = 0. Suppose -4*s = 3*y - 2635, g = -3*s - 3*y - 0*y + 1974. What is the tens digit of s?
6
Let h = 1931 + -1075. What is the units digit of (-7)/49 - h/(-14)?
1
Suppose -f - 83 = d, -2*d - 4 = -2*f - 182. Let r = 41 + 120. Let a = r + f. What is the tens digit of a?
7
Let a(j) = 2*j - 51. Let z be a(36). What is the hundreds digit of -5 + 3885/(z/3)?
5
Suppose 3 = 19*m - 35. Suppose -5*i = -4*c - 343, -5*i = 3*c + m*c - 325. What is the units digit of i?
7
Suppose -102 + 2330 = 2*w. Let a = w + -761. What is the hundreds digit of a?
3
Suppose 5*l - 5 = 6*l, 0 = 2*n + 2*l - 22. Suppose -19*k = -n*k - 24. Suppose 0 = 4*o + 2*y - 1064, 5*y - 1064 = -k*o + 4*o. What is the units digit of o?
6
What is the units digit of (-29)/(-203)*14294 + (6 - -1)?
9
Let w(y) = y**2 - 10*y - 19. Let s be w(12). Suppose -l + 0*l - 5*u = -5, -3*u = s*l - 25. Suppose l*n = -0*n + 70. What is the units digit of n?
4
Suppose -51*i + 21*i = -26*i - 51340. What is the hundreds digit of i?
8
Suppose -11*n - 1012 = -15*n. Suppose 57*v - 32636 - n = 0. What is the tens digit of v?
7
Suppose -5*p + 36353 = y, -p = -20*y + 22*y - 7258. What is the hundreds digit of p?
2
Let j(i) = -2*i. Let s be j(1). Let t be (42/56)/(s/40). Let k = 85 + t. What is the tens digit of k?
7
Let y(a) = -189*a**2 - 7*a + 14. Let f(p) = -126*p**2 - 4*p + 9. Let b(r) = -8*f(r) + 5*y(r). What is the tens digit of b(-1)?
6
Suppose 23*y - 100 = -2*y. Suppose y*f = 3*l - 224, l - 4*f - f - 71 = 0. What is the tens digit of l?
7
Suppose 4*h - 4959 = -3*m + 8*m, -2497 = -2*h - m. Suppose -4*q + h = -2*q. What is the units digit of q?
3
Suppose 1634 + 506 = -4*p. Let c = p + 1362. What is the hundreds digit of c?
8
Let g be (-19)/(38/(-12)) - (0 - 3). Let q be g/(-18)*2*-1*15. Suppose 0 = 16*j - q*j - 61. What is the tens digit of j?
6
Let q(p) = 13*p - 8. Suppose 25 = -28*g + 33*g. Let j be q(g). Let f = 174 - j. What is the units digit of f?
7
What is the ten thousands digit of 24/21 + (-6866200)/(-308)?
2
Let t = 24267 - 6632. What is the tens digit of t?
3
Suppose -1619790 = 120*p - 2133269 - 3734041. What is the tens digit of p?
9
Let u(p) = 14*p**2 - 90*p - 918. What is the hundreds digit of u(52)?
2
Let r(v) = -39*v + 1749. Suppose 8*g - 2*c + 6 = 11*g, 0 = 5*g - 4*c + 12. What is the units digit of r(g)?
9
Suppose 4*i + 3*i = 532. Let c be (-57893)/i - 1/4. What is the tens digit of ((-18)/(-4))/(-9)*c/3?
2
Let v(f) = -19*f**3 + 2*f**2 - 4*f + 3. Let p be v(1). What is the hundreds digit of 3 - 3/(p/1632)?
2
Let c be (12138/35)/(-6*(-2)/30). Let n = -585 + c. What is the tens digit of n?
8
Suppose -363*m + 927689 = -3265687. What is the hundreds digit of m?
5
Let z(u) = -3*u**2 + 41*u + 89. Let h(x) = -2*x**2 + 21*x + 44. Let y(v) = -5*h(v) + 3*z(v). What is the hundreds digit of y(-22)?
1
Let o(t) = 6*t**2 - 38*t - 367. What is the thousands digit of o(24)?
2
Suppose -2*d + 6 + 12 = 0. Let p(r) = 6*r + 81. What is the units digit of p(d)?
5
Let p be -2 + (-7)/(14/(-12)). Suppose -4*f = -11*f + 525. Let z = f + p. What is the units digit of z?
9
Let f = -13603 - -24527. What is the tens digit of f?
2
Suppose -7400 = -2*u + 5*u + g, -3*u - 7416 = -3*g. Let y = u - -3611. What is the units digit of y?
3
Let q(i) = -118 - 1591*i**2 + 1568*i**2 - 26*i + i**3 + 0*i**3. What is the hundreds digit of q(25)?
4
Let s be ((-217)/(-2))/((-3)/6). Let x = s + 316. Let i = -14 + x. What is the units digit of i?
5
Suppose 0 = 5*p - 6*p + 23*p - 390742. What is the hundreds digit of p?
7
What is the units digit of ((-100)/3)/((122/(-2379))/(70 + 3))?
0
Let x(q) = q**2 + 16*q + 50. Let n be x(-12). What is the units digit of 0 + 153 + (1 - n)?
2
Suppose -77164 = -2*b - h, 63599 = 2*b - 4*h - 13545. What is the hundreds digit of 8/6*b/80?
6
Let w = -11452 + 11650. What is the tens digit of w?
9
Suppose -2*g - 3*q - 47 - 147 = 0, -3*q + 106 = -g. What is the hundreds digit of (-46950)/g - (-5)/(-2)?
4
Suppose 0 = 16*r + 4012 + 3716. What is the tens digit of ((-8)/(-14))/((-6)/r)*2?
9
Let h(k) = 638*k**2 - 246*k - 198. What is the thousands di